he value of 28 + -32 - (-15 - (1 - 2))?
10
Evaluate -6 + 22 - 5 - 15.
-4
Calculate -7 - (-7 + -1 - -3).
-2
(2 - (2 - (-1 - -2))) + 1
2
(0 - 2) + (-1 - -2)
-1
Evaluate -6 + (9 - (-4 + 8)).
-1
What is the value of -1 - (1 + -7) - (27 + -25)?
3
Calculate 6 - (8 + -5 + -1).
4
Evaluate -2 + (1 - (-2 - -3)).
-2
Evaluate 1 + (-3 - (7 - 14)).
5
What is the value of -2 + 5 - (3 - (-3 - -6))?
3
Evaluate -5 + 5 + -3 + 0.
-3
-3 - (-5 + (4 - 2))
0
What is the value of (-9 - -3 - (-9 + 9)) + 9?
3
Evaluate 2 + (-3 + (2 - 1) - -2).
2
What is the value of 6 + -2 + (-7 - -6)?
3
What is the value of -8 - (-3 - (-1 - -10))?
4
(8 - (3 - (7 + -13))) + 3
2
Evaluate 4 - (2 - (2 - (7 + 1))).
-4
What is the value of 4 + (3 - 10 - -9)?
6
Calculate -7 - (1 + -2) - (58 - 58).
-6
7 + -1 + 0 + -28 + 27
5
Calculate 6 + (1 - 10) + 3.
0
Evaluate (6 - (9 + -4)) + (4 - 0).
5
Evaluate -6 + 1 + 1 - -4.
0
What is the value of (1 - (5 - 0)) + (-1 - -2)?
-3
Evaluate 6 - (1 + 2 + 1).
2
Calculate (-5 - -2 - -3) + -5.
-5
3 - (6 - (-7 - -6))
-4
Evaluate 12 + 0 - (38 + -19).
-7
6 - (-4 - -19) - -4
-5
What is -1 - ((-5 - -1) + 1)?
2
What is 3 - (-3 + 1) - 3?
2
What is the value of -8 + 6 + 6 - 0?
4
What is -1 + -2 + (-20 - (5 + -22))?
-6
What is -1 + (-9 - (-11 + 6))?
-5
Evaluate (-6 - -13) + -6 + 2 + 1.
4
Evaluate -4 + (-3 + 1 - -1).
-5
Calculate 3 + (4 - 2 - 0).
5
Evaluate -19 + 14 - ((1 - 10) + -1).
5
Calculate -1 - (2 - (16 - (6 + 2))).
5
Evaluate -6 + (1 - 3 - -4) + -1.
-5
Evaluate 10 + -4 + -4 + -2.
0
1 - -1 - (1 - -2)
-1
What is (-1 - 4) + 1 - -3?
-1
What is -2 + -6 + -32 + 32?
-8
What is -2 + (2 - (1 - 1))?
0
Evaluate -5 + -8 + 7 - -1.
-5
6 + -9 + 3 + -5
-5
What is the value of -14 + (9 - 2) - 2 - -6?
-3
What is the value of 4 - (2 - (6 - 5))?
3
What is the value of 4 + -2 + 118 + -122?
-2
Calculate 0 - (12 + -3 + -7).
-2
Calculate -3 - (-3 + (4 + -9 - -6)).
-1
-1 + 3 + -1 - -2
3
What is (-4 - 2) + 0 + 2?
-4
What is 14 + -5 + (-1 - 4)?
4
What is the value of (1 + 0 - 1) + (1 - 0)?
1
Calculate -2 - (2 - 1) - (-10 - -16).
-9
What is 8 + (-1 - (-1 + 1 + 2))?
5
What is the value of -4 - -1 - (7 - 7)?
-3
What is 8 + -13 + (-7 - (-4 - 4))?
-4
Evaluate -2 + -8 + (5 - 2) - -2.
-5
What is the value of -2 + 0 + (-2 - -3) + 5?
4
Evaluate -1 + -4 + 1 + (18 - 13).
1
What is -8 - -2 - (13 - 17)?
-2
(7 - 10) + 6 + -1
2
What is the value of -18 + 18 + (-1 - 4)?
-5
Evaluate 3 - 3 - (-10 - -6).
4
Evaluate 14 - 8 - (-1 + -2 + 3).
6
Evaluate (2 - 0) + 2 + -4.
0
What is -1 + (4 - (5 - (3 - 6)))?
-5
Calculate 1 - (4 + (4 - 14)).
7
What is the value of -5 + -1 + 2 - (1 - 0)?
-5
What is the value of 4 - (-2 + 0 + 1) - -2?
7
Calculate -1 + (2 - (0 - -3)).
-2
What is -1 + 0 + 4 - -2?
5
Calculate (2 - 11) + -4 + 8.
-5
What is 2 + 8 + 0 - 6?
4
Calculate -1 - (-7 - (-19 - -13)).
0
5 + -4 + 2 + 3
6
What is the value of -10 + (-2 - -11) + (-3 - 0)?
-4
What is the value of (-2 - -4) + (-8 - -6) - 4?
-4
Calculate 3 - 1 - 11 - 2.
-11
What is 2 + (4 - -1) + (2 - 7)?
2
Calculate (105 - 98) + -5 + 1.
3
Calculate (-12 - -13) + -6 - (0 - 1).
-4
What is 0 + (3 - 8) + (6 - 1)?
0
Evaluate 1 - (6 + -2 + (-2 - 6)).
5
Calculate -7 - -4 - (2 - 1).
-4
What is -123 + 121 + (2 - 0)?
0
What is the value of 2 + (-2 + -1 + 2 - 2)?
-1
-1 - (2 - 16) - (-31 - -36)
8
What is the value of -1 + 5 - (0 + 5 + -1)?
0
What is (5 - (-14 + 10)) + -16?
-7
What is the value of -1 - (10 - 5) - (-2 + 1)?
-5
-1 - -7 - (11 - 2 - -3)
-6
(-7 - (3 - 9)) + -2
-3
Calculate -2 + 4 + 0 + (1 - 6).
-3
What is (13 - 13) + (2 - 1) - 2?
-1
What is (1 - -1) + -4 + 0?
-2
What is the value of 2 - (-1 - (-3 + 6 + -1))?
5
Calculate 7 + 0 + 2 + -4.
5
What is the value of 6 - 2 - (-5 + 7) - 4?
-2
What is (-3 + 5 - 4 - -6) + -5?
-1
What is the value of -2 + (-6 + 2 - (-3 + 2))?
-5
What is the value of (-6 - -5) + -2 + 8?
5
Calculate 0 + -2 + 0 + (1 - 6).
-7
What is 3 - (-2 - (2 + 1) - -3)?
5
Calculate 12 + -9 + -16 - (-6 - -1).
-8
Evaluate 7 + (0 - 3) + 4.
8
Calculate -1 + 7 - (6 + (-5 - -2)).
3
Evaluate 17 - 18 - (2 - -4) - -9.
2
-6 + -1 + 20 + -18
-5
What is the value of 3 + -1 + 51 + -50?
3
Calculate -7 + 7 - 4 - (-4 + 1).
-1
What is the value of 3 + (-1 - 5) + 5?
2
Calculate (-1 - 0) + (-9 - (-5 + 4)).
-9
Evaluate 0 + (-4 - -3) + -1 + -3.
-5
Calculate -6 - (3 + -3 + -6).
0
What is the value of -2 + (4 + -3 - 1)?
-2
What is 6 - (7 - (4 - -4))?
7
Evaluate -1 - 0 - ((2 - 5) + 4).
-2
-14 - -19 - (1 + 7)
-3
What is the value of -6 - ((2 - 2) + -4)?
-2
What is 1 + (5 - (6 + -2))?
2
Evaluate 1 + (3 - ((-3 - -4) + 6)).
-3
Calculate 3 + -11 - (-2 + 4 + -5).
-5
Calculate 1 + -9 - (-40 + 35).
-3
Evaluate -64 - -62 - (3 + 0).
-5
Calculate -10 + 4 + 1 + 2.
-3
Calculate -21 + (29 - (2 + 12)).
-6
What is -5 + (-1 + 5 - 3 - 1)?
-5
Evaluate (-1 - -6) + -4 + 3.
4
Calculate -3 + (-1 - -2) + -3.
-5
Calculate (7 - (1 - -2)) + 1 + -10.
-5
What is the value of 16 + -4 - (11 - 4)?
5
What is -26 - -14 - -12 - (6 + -1)?
-5
What is 12 + (8 - 13) + (-13 - 1)?
-7
What is 1 + (-8 + 9 - 1)?
1
-3 - (0 - ((-2 - 3) + 3))
-5
What is -7 + 9 + -6 + 0?
-4
Calculate -4 + -5 + (8 - 0).
-1
What is the value of (-2 - -1) + 0 - (-18 - -16)?
1
1 - (-1 - 1 - (7 - 12))
-2
Calculate 7 + -2 + -1 + -1.
3
What is the value of (2 - -1) + 0 - 6 - -8?
5
What is the value of -5 - -7 - (1 + -4 + 1)?
4
4 + 2 + (6 - 12)
0
Evaluate (1 + -1 - -2) + -1.
1
Calculate 2 - (1 + (-4 - -1)).
4
What is the value of (-4 - -3) + 2 + -3?
-2
Calculate -4 + (6 - 0) + -5.
-3
What is the value of 10 + -12 - -2 - (1 - -1)?
-2
-1 - (-4 - (-2 - -2) - -2)
1
-4 + (1 - (-1 - -7) - -10)
1
Evaluate -6 + 4 + 2 - (-1 + 1).
0
What is the value of (-10 - -7) + (3 - -3) - 5?
-2
8 + (-7 + 4 - 7)
-2
Calculate 0 + -12 + -1 + 11.
-2
What is the value of (-3 + 8 - 7) + 8?
6
Evaluate (-8 - -10) + (0 - 7).
-5
What is 3 + -3 + (6 - 12)?
-6
What is (0 - (-6 + 0)) + -5?
1
What is 0 + 7 + -2 + 3?
8
Evaluate -1 - ((-4 - (0 + 0)) + 4).
-1
What is -6 - (4 - 12) - 10?
-8
5 - 0 - (2 - (0 + 0))
3
What is 9 + -2 - (-7 + 3 + 7)?
4
What is 8 + 1 - (2 - -1 - 2)?
8
(14 - (-11 + 13)) + (0 - 3)
9
Calculate 3 + -2 - (0 + 3 + -2).
0
What is -2 + (-17 - -11) + (1 - -2)?
-5
Evaluate -3 + 4 + 1 + -3 + -4.
-5
-1 + -3 + (-3 - -8)
1
What is the value of -4 + 8 + 9 + -18?
-5
Calculate 2 + -3 - (0 - 2) - -4.
5
-4 - (4 + 0) - -11
3
Calculate -36 - -45 - (8 - 1).
2
Calculate 18 - 6 - 7 - (8 + 0).
-3
What is the value of (-4 - -2) + 3 + -2 + 4?
3
-10 + 4 - (1 + 1 + -11)
3
What is (-5 + 1 - (-9 + 1)) + -3?
1
Evaluate -11 + 0 + -6 + 11.
-6
Evaluate -1 + -2 + 1 - (2 + -4).
0
-6 - (1 - -2) - -8
-1
What is -2 - -3 - (-9 - -9)?
1
What is 0 - (9 + -5 + -10)?
6
Evaluate -3 + 0 + (-6 + 2 - -4).
-3
What is 15 + -5 + 8 + -10?
8
Calculate 3 - (6 - 12 - -10).
-1
What is the value of 0 - 0 - (-12 + 17)?
-5
What is -8 + -3 + -1 + 7?
-5
What is 0 - -3 - 2 - (4 - 2)?
-1
What is -3 - (-5 + (9 + -4 - 6))?
3
8 + -7 + (10 - 5)
6
What is 8 + (5 + -3 - 6)?
4
Evaluate 5 - (-7 - -7 - (-1 - 0)).
4
Evaluate (5 - 7) + 5 + -2 + -5.
-4
What is the value of 2 - 4 - (-15 - (10 + -19))?
4
What is 14 - 17 - (-2 + -1)?
0
What is the value of 21 + (6 - 19) + (-16 - 1)?
-9
What is (-3 - (1 + -8)) + -3?
1
7 + -7 + -1 + (-5 - -1)
-5
Evaluate 2 - (-6 - -3) - (3 - 2).
4
What is the value of -2 - (8 + -25 + 9)?
6
What is the value of 8 - (5 + 13 + -6)?
-4
What is the value of -16 - (-19 - (0 - 11))?
-8
Calculate (3 - 1) + (-8 - -7 - -1).
2
7 + -5 + 2 + -3
1
(-4 - -3) + -6 - (17 + -14)
-10
Calculate -13 + 8 + -1 + (2 - -1).
-3
7 + (-4 - (-3 - 1)) + -3
4
-13 - -16 - (1 + (-2 - 0))
4
What is the value of 9 + -4 + 4 + -5?
4
Calculate -8 - -8 - (2 + (4 - 0)).
-6
(-11 - -1) + (3 - -4)
-3
What is the value of -4 - (-3 - 7 - -9) - -7?
4
What is 6 - (7 + 3 + -5)?
1
What is the value of -4 - (0 + -3 + 2)?
-3
Calculate -3 + 3 + -4 + 8 + -7.
-3
2 - -6 - 16 - -5
-3
What is the value of -5 - (5 - 3) - (9 + -21)?
5
1 - (4 - 9) - 4
2
What is the value of (-7 - (-5 + 0)) + 4?
2
What is the value of 9 - (-4 - -8) - 4?
1
(4 - -3) + -4 - (1 - -2)
0
Calculate 2 - 2 - (-8 - -15).
-7
-1 - (-7 - (-4 + -3))
-1
What is the value of 3 + -2 - (-2 + 5 + -5)?
3
What is -11 + 15 + -1 + 5?
8
Calculate 2 + 0 + -4 - -3.
1
-5 - (2 + -2 - (10 + -7))
-2
What is the value of 2 + (-1 + 5 - 1) + 1?
6
What is the value of 9 + 1 + -1 + -4 - 5?
0
What is the value o